{"version":"1.0","provider_name":"Forbes Belgique","provider_url":"https:\/\/www.forbes.be\/fr","author_name":"Joan Condijts","author_url":"https:\/\/www.forbes.be\/fr\/author\/jcoforbes-be\/","title":"\u00ab\u00a0La guerre des\u00a0tarifs est un non-sens\u00a0\u00bb | Forbes Belgique","type":"rich","width":600,"height":338,"html":"<blockquote class=\"wp-embedded-content\" data-secret=\"SGT7jBx4vS\"><a href=\"https:\/\/www.forbes.be\/fr\/la-guerre-des-tarifs-est-un-non-sens\/\">\u00ab\u00a0La guerre des\u00a0tarifs est un non-sens\u00a0\u00bb<\/a><\/blockquote><iframe sandbox=\"allow-scripts\" security=\"restricted\" src=\"https:\/\/www.forbes.be\/fr\/la-guerre-des-tarifs-est-un-non-sens\/embed\/#?secret=SGT7jBx4vS\" width=\"600\" height=\"338\" title=\"\u00ab\u00a0\u00ab\u00a0La guerre des\u00a0tarifs est un non-sens\u00a0\u00bb\u00a0\u00bb &#8212; Forbes Belgique\" data-secret=\"SGT7jBx4vS\" frameborder=\"0\" marginwidth=\"0\" marginheight=\"0\" scrolling=\"no\" class=\"wp-embedded-content\"><\/iframe><script type=\"text\/javascript\">\n\/* <![CDATA[ *\/\n\/*! This file is auto-generated *\/\n!function(d,l){\"use strict\";l.querySelector&&d.addEventListener&&\"undefined\"!=typeof URL&&(d.wp=d.wp||{},d.wp.receiveEmbedMessage||(d.wp.receiveEmbedMessage=function(e){var t=e.data;if((t||t.secret||t.message||t.value)&&!\/[^a-zA-Z0-9]\/.test(t.secret)){for(var s,r,n,a=l.querySelectorAll('iframe[data-secret=\"'+t.secret+'\"]'),o=l.querySelectorAll('blockquote[data-secret=\"'+t.secret+'\"]'),c=new RegExp(\"^https?:$\",\"i\"),i=0;i<o.length;i++)o[i].style.display=\"none\";for(i=0;i<a.length;i++)s=a[i],e.source===s.contentWindow&&(s.removeAttribute(\"style\"),\"height\"===t.message?(1e3<(r=parseInt(t.value,10))?r=1e3:~~r<200&&(r=200),s.height=r):\"link\"===t.message&&(r=new URL(s.getAttribute(\"src\")),n=new URL(t.value),c.test(n.protocol))&&n.host===r.host&&l.activeElement===s&&(d.top.location.href=t.value))}},d.addEventListener(\"message\",d.wp.receiveEmbedMessage,!1),l.addEventListener(\"DOMContentLoaded\",function(){for(var e,t,s=l.querySelectorAll(\"iframe.wp-embedded-content\"),r=0;r<s.length;r++)(t=(e=s[r]).getAttribute(\"data-secret\"))||(t=Math.random().toString(36).substring(2,12),e.src+=\"#?secret=\"+t,e.setAttribute(\"data-secret\",t)),e.contentWindow.postMessage({message:\"ready\",secret:t},\"*\")},!1)))}(window,document);\n\/\/# sourceURL=https:\/\/www.forbes.be\/fr\/wp-includes\/js\/wp-embed.min.js\n\/* ]]> *\/\n<\/script>\n","thumbnail_url":"https:\/\/www.forbes.be\/fr\/wp-content\/uploads\/2025\/12\/planet-first-session-octo-2020-2068134jpg-1.jpg","thumbnail_width":1200,"thumbnail_height":629,"description":"Actionnaire historique d\u2019AB InBev, jadis patron du v\u00e9hicule d\u2019investissements Verlinvest, Fr\u00e9d\u00e9ric de M\u00e9vius\u00a0 soutient aujourd\u2019hui la transition climatique par le biais du fonds Planet First Partners. Le sexag\u00e9naire pose son regard d\u2019investisseur averti sur l\u2019\u00e9volution de l\u2019\u00e9conomie mondiale, particuli\u00e8rement secou\u00e9e depuis l\u2019\u00e9lection \u00e0 la pr\u00e9sidence am\u00e9ricaine de Donald Trump. Les lunettes soulignent son \u0153il vif. [&hellip;]"}

Actionnaire historique d’AB InBev, jadis patron du véhicule d’investissements Verlinvest, Frédéric de Mévius  soutient aujourd’hui la transition climatique par le biais du fonds Planet First Partners. Le sexagénaire pose son regard d’investisseur averti sur l’évolution de l’économie mondiale, particulièrement secouée depuis l’élection à la présidence américaine de Donald Trump. Les lunettes soulignent son œil vif. [&hellip;]
